Suppose 35 = 2*j - 4*p + 1, 5*j + 4*p = y. Suppose -470 = j*m - 32*m. List the prime factors of m.
2, 47
Suppose 0 = u - 3*n, 5*u = -2*n + n. Suppose -2*k + 556 = 3*l - u*k, 20 = 4*k. What are the prime factors of l?
2, 7, 13
Let k = 27 + -22. Let p = k - 2. Suppose 249 = 3*i + 2*c, p*c + 0*c + 264 = 3*i. List the prime factors of i.
5, 17
Let q be (6 + -9 - -11)*6/(-1). Let p = q + 42. List the prime factors of (-681)/p - (4/8 + -1).
2, 3, 19
Let o(w) = w**3 + 8*w**2 + 4*w - 11. Let f be o(-7). Let u = 2 - f. Let p(g) = -7*g - 4. What are the prime factors of p(u)?
2, 13
Suppose 7298 = 5*u + 2098. What are the prime factors of (u/(-6))/(38/(-114))?
2, 5, 13
Let b = -4102 + 8282. What are the prime factors of b?
2, 5, 11, 19
Suppose -326 = -18*p + 106. Suppose 0 = 28*c - p*c - 3420. What are the prime factors of c?
3, 5, 19
Suppose 0*q = 5*o - 4*q - 895, 4*q = 3*o - 529. Suppose 98 + o = l. List the prime factors of l.
281
Let g(r) = 2605*r**3 - 35*r**2 + 93*r + 3. What are the prime factors of g(3)?
2, 3, 11717
Let x be ((-8)/(-6))/((-32)/(-144)) + 4. Suppose 2*w - 7*j + x*j - 268 = 0, 270 = 2*w + 4*j. What are the prime factors of w?
131
Let s(w) = 2*w**2 - 3*w + 3. Let y be s(2). Suppose -y*t + t + 1408 = -c, -t = 3*c - 339. List the prime factors of t.
3, 13
Let l(q) = 41 - 10*q + 146 + 81 - 26 + 40. What are the prime factors of l(-7)?
2, 11
Let w(j) = -j**2 + 54*j + 22. Let p be w(20). Let a = 1036 - p. List the prime factors of a.
2, 167
Let i be 6/(-30) + 8/(-10) - -4. Let a(o) = 463*o - 124. What are the prime factors of a(i)?
5, 11, 23
Suppose -8*s + 2765 = -s. Suppose -8*b - s = -13*b. What are the prime factors of b?
79
Let v(d) = -23*d - 217. Let h(x) = -35*x - 326. Let w(u) = 5*h(u) - 7*v(u). List the prime factors of w(-25).
239
Let y(r) = -r**2 - 23*r - 39. Let f be y(-21). Let x(a) = 4*a - 7. Let d be x(f). Suppose 0 = -d*o - 3*l + 4 + 25, 15 = 3*o + l. List the prime factors of o.
2
Suppose 0 = -3*i + 2*d + 1696, -1574 = -2*i + 5*d - 447. Let t = i + 242. What are the prime factors of t?
2, 101
Suppose -2*z + 11 = 7. Suppose w = -2*x - 7, -2*x = -z*w - 3*w + 37. List the prime factors of (-64)/(-6)*x*25/(-40).
2, 5
Suppose 14*n + 305 = 19*n + 5*b, n = b + 55. Suppose -x + n = 2*j, -x - 11*j + 6*j = -70. List the prime factors of x.
2, 5
Suppose -2*p + 2*w + 750 = 0, 0*w + 1121 = 3*p - 4*w. Let n = 892 - p. What are the prime factors of n?
3, 19
Suppose -9*i = -19 - 26. Let t(w) = w**3 - 4*w**2 - 8*w + 1. Let b be t(i). List the prime factors of 6/b - ((-30720)/42)/8.
7, 13
Let w be (0 + -6)*(-39)/26. Suppose 0 = -4*n + 8, -5*n + 1 = -q - w. List the prime factors of (-172)/(-4)*(0 + q - -1).
43
Let t(o) = 2*o**3 + 4*o**2 + 136*o - 14. What are the prime factors of t(12)?
2, 5, 113
Suppose 244*i = 202*i + 3487932. What are the prime factors of i?
2, 3, 13841
Suppose -27*a - 48 = -35*a. List the prime factors of 1840/4 + a*10/(-15).
2, 3, 19
What are the prime factors of 48624 + ((-2)/7)/(-26 + (-1810)/(-70))?
2, 41, 593
List the prime factors of -4 + 7146 + 2 - 40/(-8).
3, 2383
Suppose 128*m - 2258408 - 928337 = 2445127. List the prime factors of m.
23, 1913
Let r(q) be the third derivative of -7*q**4/24 + 83*q**3/6 - 50*q**2 - 2. What are the prime factors of r(-14)?
181
What are the prime factors of 15 + -2 - (-107 - 20698)?
2, 7, 1487
Let u = 147 + -147. Suppose -2*w - 8 + 2 = u, -v + 431 = 2*w. List the prime factors of v.
19, 23
Let o(y) be the second derivative of 3*y**5/20 - 7*y**4/6 + y**3/6 - 21*y**2/2 + y + 25. What are the prime factors of o(7)?
7, 47
Suppose -25*d - 155489 = -5*z - 21*d, -4*z - 5*d = -124465. List the prime factors of z.
5, 6221
Suppose -p + 3743 + 2324 = 3*s, -p = -2*s - 6062. List the prime factors of p.
2, 379
Suppose 0 = -582*g + 17503174 + 10868744. List the prime factors of g.
29, 41
Suppose -y - 5*r = -5751, 0 = -3*y + 7*r - 5*r + 17338. Suppose 0 = 10*v - 18726 + y. List the prime factors of v.
5, 7, 37
Let q = -14 + 93. Let i = q + -121. What are the prime factors of (-1)/6 - 2569/i?
61
Suppose o + 122*t - 124*t = 30148, 2*o + 3*t - 60254 = 0. List the prime factors of o.
2, 3767
What are the prime factors of ((-60215)/(-4))/(30*(-13)/(-624))?
2, 12043
Let m = -37 - -41. Let j be ((-5904)/(-40))/(m/10). Suppose 4*g = -113 + j. List the prime factors of g.
2
Let p = 58 - 33. Suppose v + 5*u = -p - 0, 5*v + 3*u + 15 = 0. Suppose 3*f + 15 = v, 4*t - 3*f = 31 + 8. List the prime factors of t.
2, 3
What are the prime factors of 493408/24 + 6 - (-6)/18*4?
2, 7, 13, 113
Let c(b) = -2*b**3 - 5*b**2 + 11*b + 23. Let p be (-1276)/174 - (2/(-2))/3. What are the prime factors of c(p)?
3, 43
Suppose -2*s + s = -4*q + 38, s - 25 = -3*q. Let y be q/4*16/(-6). What are the prime factors of 71 + (-15)/y + (-9)/6?
2, 3
Let s = -116 + 131. Suppose l - 384 = -2*q, -4*q = q - s. What are the prime factors of l?
2, 3, 7
Suppose 3*v - 75815 = -2*u, 652*u - 50546 = -2*v + 648*u. List the prime factors of v.
37, 683
Suppose -2*b - 15*o = -10*o - 1658, b + 2*o = 831. List the prime factors of b.
839
Let n(k) = 4*k**3 - 101*k**2 - 105*k + 48. What are the prime factors of n(28)?
2, 1433
Let j(n) = n**3 - 5*n**2 - 9*n - 1. Let i = 44 + -41. Suppose u = z + i*u + 1, 0 = -5*z + 4*u + 51. List the prime factors of j(z).
2, 17
Let q(w) = -6*w - 13. Let k be q(-3). Suppose -4*i + k = -11. Let o(m) = 2*m**2 + 4*m + 9. List the prime factors of o(i).
3, 19
Let a be (-12)/(-78) - 45519/39. Let t = -674 - a. Suppose 0 = -11*n - 64 + t. What are the prime factors of n?
3, 13
Suppose -53 = 11*k + 13. Let c be ((-40)/(-15))/((k/(-117))/2). Suppose 36*q = 35*q + c. List the prime factors of q.
2, 13
Suppose 0 = 4*j - 3*r - 116068, j + 4*r - 8478 - 20539 = 0. What are the prime factors of j?
29017
Let a(r) = 2*r**2 + 29*r - 45. Let m be a(-16). What are the prime factors of ((-483)/2)/m*(-5328)/259?
2, 3, 23
Let l(f) be the first derivative of f**2/2 + 17*f + 6. Let o be l(-7). What are the prime factors of (3*-2)/((-5)/o)?
2, 3
Suppose 63*x + 118001 = 92*x. What are the prime factors of x?
13, 313
Let v(l) = -96 + 5*l**2 + 16*l + 39 - 3*l. List the prime factors of v(7).
3, 31
List the prime factors of (-2366)/273*44*-6.
2, 11, 13
Let x(h) = 5*h. Let y be x(1). Let t be ((-555)/(-148))/((-6)/(-16)). Let f = y + t. List the prime factors of f.
3, 5
Let z(k) = -k**3 + 3*k**2 + 18*k + 75. Let o be z(7). Let r(w) be the first derivative of 4*w**3/3 - 5*w**2/2 + 8*w + 1. What are the prime factors of r(o)?
83
Let j = -5972 + 9534. List the prime factors of j.
2, 13, 137
Let r(l) = -5*l + 23. Let q(v) = 6*v - 22. Suppose -5*h - 26 = -3*s, 0*s + 44 = -5*h - 3*s. Let m(y) = h*q(y) - 6*r(y). List the prime factors of m(-7).
2, 5
Let m(f) = -23*f**3 - 5*f**2 + 21. Let k be m(-5). Let x be (-2)/7 - k/(-119). Let v = 10 + x. What are the prime factors of v?
3, 11
List the prime factors of -4 - (16/8 - 212).
2, 103
Suppose 0 = -g - 2*c + 6826, g + 13634 = 3*g - 2*c. Suppose -12*y + g = -2*y. Suppose 31 = -7*t + y. What are the prime factors of t?
3, 31
Let r(a) = 4776*a**2 - 87*a + 87. List the prime factors of r(1).
2, 3, 199
Let l(k) = -50*k + 1548. Let s be l(0). Suppose -4*v + 5*q + 4959 + 1308 = 0, -5*q = -v + s. What are the prime factors of v?
11, 13
Let m(n) = 3*n**2 - 14*n - 9. Let a be m(5). Let h(z) = -z**3 - 2*z**2 + 8*z + 6. Let w be h(a). Let s(x) = 39*x - 81. List the prime factors of s(w).
3, 17
List the prime factors of (17013/(-12) + 6)/((-2)/32).
2, 5647
Let p(i) = i**3 - 9*i**2 - 32*i + 37. Let m be (2 + 168/(-35))*-5. List the prime factors of p(m).
569
Let s be (4/3)/((-24)/(-36)). Suppose -5*o = s*n - 112, 0 = 3*o + n - 73 + 6. List the prime factors of o.
2, 11
Let x(b) = b**3 + 55*b**2 - 258*b - 138. What are the prime factors of x(-57)?
2, 3, 5, 269
Suppose -130 = -4*i + 5*j + 571, 0 = -3*i + 3*j + 522. Let l be ((-70)/28)/((-1)/(-38)). Let m = l + i. List the prime factors of m.
2, 37
Let o = 193 - 199. Let i(r) = -83*r - 23. List the prime factors of i(o).
5, 19
Suppose a = -47 - 46. Let t = a - -469. Suppose 55*g - 59*g = -t. List the prime factors of g.
2, 47
Suppose 5*x = 2 - 12. Let a = x + 4. Suppose -120 = -2*p + 5*k, -a*k - 180 = -3*p - 0*k. What are the prime factors of p?
2, 3, 5
Let p(s) = s**3 - 36*